)) + 3.
5
Calculate 5 + (-4 - 1) - 2.
-2
-2 + -4 + (4 - 0)
-2
What is the value of 1 - (-2 - (6 - 8 - -8))?
9
Calculate 10 + -9 + -1 + 6.
6
0 + (-6 + 4 - -7 - 10)
-5
What is the value of 4 + -4 - (-3 - (0 + -8))?
-5
Evaluate -2 - (-4 + 0 - -4).
-2
What is 1 - (-5 + 1 - -1 - 0)?
4
Evaluate 6 + -2 + 3 - (-2 - -1).
8
Evaluate (1 + -9 - -2) + 3.
-3
What is -8 + (18 - (5 + 4))?
1
(10 - 6 - 1) + -6
-3
What is the value of (0 - -13) + -5 + 1?
9
226 - 209 - (12 - 0)
5
Calculate (-1 - 8) + -8 + 15.
-2
What is the value of -3 + 1 + (0 - -2)?
0
What is the value of -4 - ((-6 + 0 - -2) + -2)?
2
Calculate 0 - -2 - (0 - 2).
4
Calculate 3 - (-2 + 5 + 2 + 6).
-8
Evaluate 5 + 2 + 41 + -55.
-7
0 + (3 - (-3 - -1))
5
4 + -3 - (-5 + 6)
0
(36 - 31) + (1 - 1)
5
Evaluate 5 - (24 - (-13 - -24)).
-8
What is (-5 - -13) + (-2 + -12 - -4)?
-2
(1 - -3) + -2 + -1 - -1
2
What is the value of -1 - 1 - (4 + 7 + -8)?
-5
Calculate 1 + 6 + (0 - -2 - 6).
3
Evaluate 1 - 3 - (-4 + -4 + 1).
5
Calculate (-2 - 6 - -15) + -6.
1
Calculate (7 - 6 - 1) + 3.
3
What is the value of -1 + 8 + -14 - -2?
-5
What is 7 - ((0 + 8 - 1) + 6)?
-6
Evaluate 3 + -3 - (3 + 0).
-3
Evaluate -2 + 2 - (0 + -3).
3
Calculate 9 + 1 + (-5 - 1).
4
What is the value of 6 + 0 - (48 - 46)?
4
Evaluate 1 + -5 - (14 + 8 + -22).
-4
What is the value of -1 + 0 - (1 + -2 - -3)?
-3
What is the value of -3 + -1 + (-4 - -5) + 7?
4
What is 8 - (6 + -5 + (7 - 6))?
6
8 - (1 + 8 - 4)
3
Evaluate -6 + (9 - 5) - 4.
-6
What is -4 + -3 - (0 + -2 + -2)?
-3
-7 + 2 + 3 + 0 + -3
-5
What is the value of 6 - (2 + 1 - -1)?
2
What is (8 - 2) + (6 - 10)?
2
What is the value of -6 - -3 - 0 - -4?
1
Calculate 5 + 4 + -7 + 5.
7
-3 - (-5 + 2 - -2)
-2
((6 - 0) + 0 - 4) + -6
-4
(4 - 5) + -1 + -1 - 1
-4
3 + -2 + -2 + 3 + -6
-4
What is the value of -4 + 0 - (-20 - -21)?
-5
Calculate -2 + (-1 + 0 - -5) - 1.
1
Calculate 16 + -14 - (-2 - -1).
3
Calculate (8 - (-3 - -1)) + -13.
-3
What is 6 + -2 + 0 + (-1 - 4)?
-1
Calculate 0 + -2 - (40 + -38).
-4
Evaluate -9 + 3 + 4 - (0 - 5).
3
What is the value of (10 - 4) + -7 + 3 + -3?
-1
Calculate -6 - (2 + -2) - -7.
1
Calculate 0 + (-1 - 1) + 7.
5
What is 2 - (2 - (-1 + (-1 - -2)))?
0
What is the value of -7 + 14 + 7 + -8?
6
What is 1 + -6 + 2 - -5?
2
What is the value of (0 - (9 - 1)) + 3?
-5
Calculate -2 + -3 + 3 + 3.
1
What is 0 + -1 + 1 + -3 + 2?
-1
What is the value of (5 - 0) + -1 + (-4 - -1)?
1
What is the value of -7 + 14 + -4 - 5?
-2
Evaluate -1 - (1 - -4) - (-43 + 28).
9
Calculate 2 + 1 - 4 - (-2 + 3).
-2
Calculate 1 + -4 + (9 - -2) + -4.
4
Evaluate (-1 - (-3 - -3)) + (1 - -1).
1
Calculate 3 - 6 - 0 - -3.
0
Calculate -33 + 35 - (-3 - 0).
5
Evaluate (0 - -13) + -14 + 7.
6
What is -3 + 9 - 6 - -2?
2
Calculate 10 + 0 + (77 - 83).
4
(12 - 15 - (1 - 1)) + 2
-1
What is the value of 0 + (15 - 5) + -5?
5
(5 - 11) + -2 + 16
8
-2 - (-4 - (7 - 11))
-2
What is 7 - (6 + -8 + 9)?
0
What is the value of 2 + (-1 - 5 - 0)?
-4
What is -13 + 19 + (-3 - 1 - 1)?
1
Calculate (0 - (1 - 3)) + 4 + -2.
4
Evaluate 7 - (0 + 0 - (0 + -2)).
5
What is the value of 0 + (-4 - -9) + -1?
4
22 - 22 - (0 - -1) - -5
4
What is the value of 2 - (5 + (2 + 3 - 5))?
-3
What is (3 - 1) + -6 - (-4 - -2)?
-2
7 + -5 - (-12 + 11)
3
Evaluate -11 + 8 + (-2 - -2).
-3
Calculate 10 - (23 + -7 + -2).
-4
6 + (1 - 8) + -3
-4
Calculate 6 - (11 + 1) - -11.
5
(6 - (17 - -2)) + (5 - -1)
-7
What is 4 + (5 - 7) + 3 + -5?
0
5 + -5 + (-4 - -8 - 3)
1
What is -8 - (-15 + 9 - -5)?
-7
-3 + (18 - (7 + -4) - 3)
9
(18 - 18) + 6 + (4 - 2)
8
What is (4 + -2 - 1 - 3) + -2?
-4
What is the value of (58 - 65) + 8 + 0?
1
Evaluate -4 - -9 - (6 + -6).
5
Evaluate 21 - 20 - (3 + -5 + -2).
5
What is -5 + -2 + 4 + 0 + -3?
-6
2 + ((2 - -6) + 3 - 5)
8
Calculate -9 - (-9 + 0 + 6).
-6
What is the value of 6 + -3 + (-2 - -4)?
5
3 + (-9 - 3) - (2 - 6)
-5
(5 - 0) + (-1 - (1 + -2))
5
What is 13 - (5 + 0 + (-1 - 1))?
10
Calculate (-1 - 16) + (-6 - -17).
-6
What is -6 + (5 - 3) - -3 - 3?
-4
What is the value of 4 - 2 - (-1 - (-4 - -2))?
1
Evaluate -8 + 0 - (-6 - 12).
10
-6 + (9 - 4) + -1 - -5
3
Calculate (-3 - 3) + 0 + 2.
-4
Calculate 2 - (2 + 0 + -3 + 5).
-2
1 + -2 + 4 + -5
-2
What is 4 + (2 - 6) - (3 - -2)?
-5
Evaluate (2 - (-3 + -1 - 0)) + -1.
5
Calculate (1 - 4) + 2 + (-3 - -4).
0
Evaluate (-1 - (2 - 2)) + 41 + -38.
2
What is the value of 0 + -4 + 2 + 6 + 0?
4
What is 0 - (5 + -4 - 1)?
0
Calculate -1 + 11 - 8 - -7.
9
Evaluate -5 + 0 + 3 + 2 + -3.
-3
Calculate -8 + 5 - (-11 + 2).
6
Evaluate (2 - 4) + (7 - (1 + 5)).
-1
What is -6 - (-11 + (-1 - (0 - 1)))?
5
Evaluate -5 + 0 + 2 + 0 + 3.
0
What is (-2 - -2) + 7 - (-5 - -12)?
0
Evaluate (7 - 2) + 1 - (1 + 0).
5
Evaluate -3 - (-5 + 4 + 3) - -5.
0
Calculate -9 + (6 - 4 - -2).
-5
3 + -7 + 3 + 6
5
Evaluate 7 + 0 - (-6 - -9).
4
What is 1 + 0 + 9 + -6?
4
What is (0 - -2) + 1 + -1?
2
Evaluate -1 - (5 - 3 - 4).
1
(4 - -4 - 7) + 1 + 3
5
-3 + (-5 - -5) - 0
-3
Evaluate (-6 - -15) + -5 + -2.
2
What is -2 + 5 - (0 - 0 - -3)?
0
-3 + (11 - 5) + -2 + -5
-4
-8 + -2 + 0 + 7
-3
Calculate -13 - -2 - ((1 - 0) + -6).
-6
What is (6 - 2) + 2 - (-84 + 82)?
8
Calculate -1 + 2 + (-1 - -3).
3
Evaluate (-4 - (-4 - -5) - 0) + 5.
0
What is 0 - 1 - 1 - (325 + -317)?
-10
Evaluate 0 + -3 + 34 + -33.
-2
Calculate -5 - (-3 + 0 - -3).
-5
What is the value of -3 + 7 + (-5 - -5)?
4
Evaluate -12 + 2 + 2 - (-10 + 6).
-4
What is -5 + 8 + 3 + 1 + -2?
5
What is 4 - (7 + (1 - 3))?
-1
17 - 17 - (1 + -1)
0
What is the value of -24 - -20 - (-3 + 1)?
-2
1 - 5 - (-11 + 11)
-4
Evaluate (1 + -2 - 3) + (0 - -6).
2
Evaluate -3 + 1 + -4 + 1.
-5
0 - -2 - (-4 - -7) - -5
4
What is the value of 1 + (2 + 7 - (-2 + 9))?
3
What is the value of (-15 - (-14 + -2)) + (-1 - 7)?
-7
(9 + -1 - 2) + -8
-2
What is the value of (0 - (2 - 3)) + 0 - 3?
-2
What is -16 + 7 + 0 - -15?
6
Calculate 0 + (6 - (6 + -4)).
4
What is the value of -29 + 28 + (1 - 1)?
-1
(2 - (2 + 0) - 3) + 5
2
What is -8 - -7 - (-5 + (2 - 0))?
2
Evaluate 28 - 28 - (-2 + (-2 - -1)).
3
Calculate -3 + -3 - (3 - (0 - -4)).
-5
Evaluate (2 - (-1 - 2)) + -1.
4
Evaluate 22 - 28 - (2 - 5).
-3
19 - 10 - -2 - 13
-2
3 - (6 + -3 + (9 - 6))
-3
(2 - 0) + (3 - 7)
-2
Calculate 12 - (-6 + (-1 - 0 - -11)).
8
What is (5 - 1) + -1 + 1?
4
What is -2 + 8 - (10 + -1)?
-3
Calculate 8 + 2 - (4 + 2).
4
Calculate (1 - 8) + -30 + 36 + 2.
1
What is the value of 42 - 39 - (3 + -1 + 1)?
0
Calculate -15 + 10 + 4 + 0 + 1.
0
What is the value of -2 + 6 + -3 - (-2 + 6)?
-3
7 - (-1 - -4 - 1)
5
Calculate 1 - (-5 - 0) - (-3 - -7).
2
What is 7 + 0 - 4 - -2?
5
What is -2 - -13 - (32 + -27)?
6
1 + -5 + 13 + -11 + 0
-2
Evaluate -1 + (4 - (-5 + 6) - 0).
2
0 + 0 - (1 - 4)
3
What is (-12 - -5) + -9 - -7?
-9
What is the value of 4 + -4 + 1 + 2 - 3?
0
Evaluate (3 - 16) + (3 - -19).
9
Calculate 4 - (4 - (4 + -6 + -2)).
-4
-2 + -6 + 11 + 0 - 12
-9
Evaluate -3 - (6 + (1 - (6 + 3))).
-1
What is the value of -5 + (-1 - -8) - (7 + -7)?
2
Calculate 5 - ((0 - -10) + -12).
7
Calculate 0 - (-1 - (3 + -5)).
-1
13 + (1 + 11 - 26)
-1
What is the value of (5 - 3 - (-10 + 6)) + -10?
-4
Calculate 1 - ((-1 - -4) + -7 + 3).
2
Calculate -4 - -3 - 0 - 1 - 2.
-4
3 + (-3 + 7 - 7)
0
What is the value of 7 + (-2 - -1) + -1?
5
7 + (-13 - -4) + 1
-1
1 - 7 - 1 - (-41 - -36)
-2
What is the value of 1 + -5 + -12 + (21 - 12)?
-7
What is 6 + 1 + (-2 - -2)?
7
Calculate -11 + 9 + 0 + -5.
-7
Calculate (3 - 5) + -2 + -2 + 2.
-4
(-3 - -1) + (-2 - -1)
-3
0 - (2 + 14 + -24 + 16)
-8
What is the value of -4 + (13 - 7 - -4) - 4?
2
1 + (4 - 8) - -11
8
Evaluate -4 - ((-4 - 1) + -1 + 4).
-2
0 - (-5 - -3) - -1
3
-5 - (-6 - 3) - (1 + 8)
-5
-2 - (1 + 12 + -12)
-3
What is the value of 1 + -8 + 8 + -2 + -3?
-4
What is -2 - (6 - (3 - -7))?
2
(1 - (5 - 1)) + -2 - -2
-3
What is (-2 + 1 - -2) + -410 + 408?
-1
Evaluate (0 - -3) + (-4 - 3) + 4.
0
What is 2 - 0 - (6 - 3)?
-1
What is 7 - 0 - 7 - -5?
5
Calculate 3 + -14 + 7 + 1 + -4.
-7
What is -4 - (8 + -4 + -7)?
-1
Calculate (-2 - -3 - 3) + (8 - 12).
-6
Calculate 67 - 56 - (3 + 9).
-1
Evaluate 1 + -1 + -3 - (-92 + 89).
0
What is the value of 14 - (-7 - -29) - -6?
-2
Evaluate (-5 - -6) + 12 + -1 + -3.
9
(-1 - -1) + (6 - (22 + -13))
-3
What is 3 + 7 + -6 + 1 + -2?
3
Calculate -837 + 841 - (-4 - (1 + -2)).
7
2 + -2 + 5 + -6 + -1
-2
Calculate -11 + 18 + 4 + -8.
3
What is the value of (6 - 4) + (1 - (-